What are the prime factors of 531?
3, 59
What are the prime factors of 53138?
2, 163
List the prime factors of 21940.
2, 5, 1097
What are the prime factors of 2712?
2, 3, 113
List the prime factors of 13983.
3, 59, 79
List the prime factors of 31937.
109, 293
List the prime factors of 3228.
2, 3, 269
List the prime factors of 5095.
5, 1019
List the prime factors of 1333.
31, 43
What are the prime factors of 2238?
2, 3, 373
What are the prime factors of 1734?
2, 3, 17
What are the prime factors of 41434?
2, 20717
What are the prime factors of 9967?
9967
List the prime factors of 8684.
2, 13, 167
What are the prime factors of 17413?
11, 1583
What are the prime factors of 15330?
2, 3, 5, 7, 73
What are the prime factors of 21561?
3, 7187
What are the prime factors of 5978?
2, 7, 61
List the prime factors of 161986.
2, 11, 37, 199
List the prime factors of 5088.
2, 3, 53
What are the prime factors of 571?
571
List the prime factors of 8044.
2, 2011
What are the prime factors of 7632?
2, 3, 53
What are the prime factors of 570?
2, 3, 5, 19
List the prime factors of 1284.
2, 3, 107
What are the prime factors of 35249?
101, 349
What are the prime factors of 16442?
2, 8221
List the prime factors of 238.
2, 7, 17
What are the prime factors of 68?
2, 17
What are the prime factors of 580?
2, 5, 29
List the prime factors of 5143.
37, 139
List the prime factors of 95615.
5, 13, 1471
List the prime factors of 5142.
2, 3, 857
List the prime factors of 3099.
3, 1033
What are the prime factors of 75794?
2, 37897
What are the prime factors of 2766?
2, 3, 461
List the prime factors of 949.
13, 73
What are the prime factors of 21017?
21017
What are the prime factors of 19758?
2, 3, 37, 89
List the prime factors of 36054.
2, 3, 2003
What are the prime factors of 168132?
2, 3, 14011
What are the prime factors of 6402?
2, 3, 11, 97
What are the prime factors of 30403?
30403
What are the prime factors of 3180?
2, 3, 5, 53
What are the prime factors of 6778?
2, 3389
List the prime factors of 13606.
2, 6803
List the prime factors of 625.
5
What are the prime factors of 1026?
2, 3, 19
List the prime factors of 70186.
2, 19, 1847
List the prime factors of 111.
3, 37
List the prime factors of 2026.
2, 1013
What are the prime factors of 24373?
24373
List the prime factors of 2635.
5, 17, 31
List the prime factors of 6914.
2, 3457
What are the prime factors of 10197?
3, 11, 103
List the prime factors of 3059.
7, 19, 23
List the prime factors of 6719.
6719
List the prime factors of 1009.
1009
What are the prime factors of 52245?
3, 5, 43
List the prime factors of 9813.
3, 3271
List the prime factors of 3357.
3, 373
What are the prime factors of 3954?
2, 3, 659
List the prime factors of 26274.
2, 3, 29, 151
What are the prime factors of 97706?
2, 7, 997
List the prime factors of 592.
2, 37
List the prime factors of 1089.
3, 11
What are the prime factors of 826?
2, 7, 59
List the prime factors of 1143.
3, 127
What are the prime factors of 3858?
2, 3, 643
What are the prime factors of 69247?
69247
What are the prime factors of 1818?
2, 3, 101
List the prime factors of 18130.
2, 5, 7, 37
List the prime factors of 18777.
3, 11, 569
List the prime factors of 2410.
2, 5, 241
List the prime factors of 4406.
2, 2203
List the prime factors of 85092.
2, 3, 7, 1013
What are the prime factors of 232?
2, 29
List the prime factors of 5250.
2, 3, 5, 7
What are the prime factors of 896?
2, 7
What are the prime factors of 8314?
2, 4157
List the prime factors of 18848.
2, 19, 31
What are the prime factors of 4427?
19, 233
List the prime factors of 820.
2, 5, 41
List the prime factors of 28983.
3, 9661
List the prime factors of 274.
2, 137
List the prime factors of 21894.
2, 3, 41, 89
List the prime factors of 192.
2, 3
List the prime factors of 4709.
17, 277
List the prime factors of 8262.
2, 3, 17
What are the prime factors of 6902?
2, 7, 17, 29
What are the prime factors of 13958?
2, 7, 997
List the prime factors of 3701.
3701
List the prime factors of 407.
11, 37
List the prime factors of 7972.
2, 1993
List the prime factors of 2224.
2, 139
What are the prime factors of 9506?
2, 7, 97
What are the prime factors of 3134?
2, 1567
List the prime factors of 26567.
31, 857
List the prime factors of 18138.
2, 3, 3023
List the prime factors of 1247.
29, 43
List the prime factors of 2085.
3, 5, 139
List the prime factors of 155427.
3, 103, 503
List the prime factors of 31127.
17, 1831
List the prime factors of 2186.
2, 1093
What are the prime factors of 1572?
2, 3, 131
What are the prime factors of 5589?
3, 23
What are the prime factors of 55007?
67, 821
List the prime factors of 1589.
7, 227
List the prime factors of 583.
11, 53
List the prime factors of 1245.
3, 5, 83
List the prime factors of 63340.
2, 5, 3167
What are the prime factors of 688?
2, 43
List the prime factors of 315.
3, 5, 7
List the prime factors of 3193.
31, 103
What are the prime factors of 66950?
2, 5, 13, 103
List the prime factors of 2544.
2, 3, 53
List the prime factors of 3374.
2, 7, 241
What are the prime factors of 1701?
3, 7
What are the prime factors of 7084?
2, 7, 11, 23
List the prime factors of 7096.
2, 887
List the prime factors of 810.
2, 3, 5
What are the prime factors of 44677?
43, 1039
List the prime factors of 880.
2, 5, 11
List the prime factors of 4918.
2, 2459
What are the prime factors of 651?
3, 7, 31
List the prime factors of 43398.
2, 3, 2411
List the prime factors of 51767.
51767
List the prime factors of 7692.
2, 3, 641
What are the prime factors of 1275?
3, 5, 17
List the prime factors of 514.
2, 257
List the prime factors of 181.
181
What are the prime factors of 2914?
2, 31, 47
What are the prime factors of 2954?
2, 7, 211
What are the prime factors of 142239?
3, 17, 2789
List the prime factors of 4959.
3, 19, 29
List the prime factors of 1143.
3, 127
What are the prime factors of 65021?
11, 23, 257
List the prime factors of 8039.
8039
What are the prime factors of 51502?
2, 11, 2341
What are the prime factors of 29772?
2, 3, 827
List the prime factors of 22637.
22637
List the prime factors of 51100.
2, 5, 7, 73
What are the prime factors of 102?
2, 3, 17
List the prime factors of 9318.
2, 3, 1553
List the prime factors of 46543.
7, 61, 109
List the prime factors of 42665.
5, 7, 23, 53
What are the prime factors of 18660?
2, 3, 5, 311
What are the prime factors of 355?
5, 71
List the prime factors of 4434.
2, 3, 739
What are the prime factors of 30194?
2, 31, 487
What are the prime factors of 4991?
7, 23, 31
What are the prime factors of 31423?
7, 67
List the prime factors of 39136.
2, 1223
List the prime factors of 20547.
3, 761
List the prime factors of 15343.
67, 229
List the prime factors of 853.
853
What are the prime factors of 2335?
5, 467
List the prime factors of 419.
419
What are the prime factors of 11363?
11, 1033
List the prime factors of 1051.
1051
What are the prime factors of 59039?
43, 1373
What are the prime factors of 14885?
5, 13, 229
What are the prime factors of 2184?
2, 3, 7, 13
List the prime factors of 728.
2, 7, 13
List the prime factors of 4243.
4243
List the prime factors of 2347.
2347
List the prime factors of 54406.
2, 11, 2473
What are the prime factors of 1219?
23, 53
List the prime factors of 3947.
3947
List the prime factors of 9980.
2, 5, 499
What are the prime factors of 2758?
2, 7, 197
List the prime factors of 2720.
2, 5, 17
List the prime factors of 56728.
2, 7, 1013
List the prime factors of 1439.
1439
List the prime factors of 57.
3, 19
What are the prime factors of 7632?
2, 3, 53
List the prime factors of 57867.
3, 19289
What are the prime factors of 2087?
2087
List the prime factors of 483.
3, 7, 23
What are the prime factors of 838?
2, 419
List the prime factors of 22322.
2, 11161
List the prime factors of 3276.
2, 3, 7, 13
What are the prime factors of 829?
829
List the prime factors of 43769.
11, 23, 173
What are the prime factors of 660?
2, 3, 5, 11
List the prime factors of 908.
2, 227
What are the prime factors of 5821?
5821
List the prime factors of 1194.
2, 3, 199
What are the prime factors of 263?
263
What are the prime factors of 33641?
33641
List the prime factors of 79960.
2, 5, 1999
What are the prime factors of 1611?
3, 179
List the prime